{"id":941,"date":"2019-12-10T12:49:53","date_gmt":"2019-12-10T12:49:53","guid":{"rendered":"http:\/\/droplightfilms.com\/?page_id=941"},"modified":"2019-12-10T12:49:53","modified_gmt":"2019-12-10T12:49:53","slug":"politica-de-cookies","status":"publish","type":"page","link":"https:\/\/droplightfilms.com\/?page_id=941","title":{"rendered":"POL\u00cdTICA DE COOKIES"},"content":{"rendered":"\n<p>En cumplimiento de la Ley 34\/2002, de 11 de julio, de Servicios de la Sociedad de la Informaci\u00f3n y Comercio Electr\u00f3nico informamos al Usuario de la utilizaci\u00f3n de cookies en la web de \u201cDrop Light Films\u201d.<\/p>\n\n\n\n<p>Una cookie es un fichero que se descarga en el ordenador o el dispositivo del Usuario (smartphone, tableta, televisi\u00f3n conectada&#8230;) al acceder a determinadas p\u00e1ginas web. Las cookies permiten, entre otras cosas, recopilar informaci\u00f3n estad\u00edstica, facilitar ciertas funcionalidades t\u00e9cnicas, almacenar y recuperar informaci\u00f3n sobre los h\u00e1bitos de navegaci\u00f3n o preferencias de un Usuario o de su equipo y, dependiendo de la informaci\u00f3n que contengan y de la forma en que utilice su equipo, pueden utilizarse para reconocer al Usuario, recordar aspectos del Usuario como su idioma, pa\u00eds, navegador, etc. En caso de no querer recibir cookies, el Usuario podr\u00e1 configurar su navegador para que las borre del disco duro de su ordenador, las bloquee o le avise en su caso de instalaci\u00f3n de las mismas. Para continuar sin cambios en la configuraci\u00f3n de las cookies, simplemente, contin\u00faa navegando en la p\u00e1gina web.<\/p>\n\n\n\n<p>En esta web se utilizan las siguientes cookies:<\/p>\n\n\n\n<figure class=\"wp-block-table\"><table class=\"\"><tbody><tr><td>\n<strong>Nombre de la cookie<\/strong>\n<\/td><td>\n<strong>Descripci\u00f3n\/Finalidad<\/strong>\n<\/td><td>\n<strong>Tipo<\/strong>\n<\/td><td>\n<strong>Caducidad<\/strong>\n<\/td><\/tr><tr><td>\ncookie_notice_accepted\n<\/td><td>\nCookie usada para recordar la aceptaci\u00f3n de la pol\u00edtica de cookies por parte del Usuario.\n<\/td><td>\nT\u00e9cnica\n<\/td><td>\n1 mes\n<\/td><\/tr><tr><td>\n&nbsp;_ga, _gat, _gid\n<\/td><td>\nCookies de Google Analytics. Informes estad\u00edsticos sobre como los Usuarios encuentran la p\u00e1gina web y c\u00f3mo la utilizan: p\u00e1ginas visitadas, tiempo de estancia, tipo de navegador\u2026\n_ga y _gid: Se usan para distinguir a los Usuarios.\n_gat: Se usa para limitar el porcentaje de solicitudes\n&nbsp;<a href=\"http:\/\/www.google.com\/intl\/es\/policies\/\">M\u00e1s informaci\u00f3n<\/a>\n<\/td><td>\nAnal\u00edticas, de terceros\n<\/td><td>\n_ga: 2 a\u00f1os\n_gid: 24 horas\n_gat: 10 minutos\n<\/td><\/tr><\/tbody><\/table><\/figure>\n\n\n\n<p><strong><em>Otras cookies<\/em><\/strong><\/p>\n\n\n\n<p>En alguna p\u00e1gina del Sitio Web se puede mostrar contenido embebido o invocado a trav\u00e9s del cual se pueden estar instalando cookies de terceros. Por ejemplo, cookies de ShareThis. Cuando se incluyen estos contenidos en el Sitio Web se intenta que la \u00fanica finalidad de estas cookies sea t\u00e9cnica. Los terceros que prestan los contenidos pueden decidir cambiar la finalidad de estas cookies, por lo que se revisan estas p\u00e1ginas cada cierto tiempo.<\/p>\n\n\n\n<p><strong><em>Configuraci\u00f3n de cookies<\/em><\/strong><\/p>\n\n\n\n<p>El Usuario puede permitir, bloquear o eliminar las cookies instaladas en su equipo mediante la configuraci\u00f3n de las opciones de su navegador. Puedes encontrar informaci\u00f3n sobre c\u00f3mo hacerlo, en relaci\u00f3n con los navegadores m\u00e1s comunes, en los links que se incluyen a continuaci\u00f3n:<\/p>\n\n\n\n<p>-Para <a href=\"http:\/\/windows.microsoft.com\/es-es\/internet-explorer\/delete-manage-cookies#ie=ie-11\">Internet Explorer<\/a>\u2122&nbsp; -Para <a href=\"http:\/\/www.apple.com\/legal\/privacy\/es\/cookies\/\">Safari<\/a>\u2122 &nbsp; -Para <a href=\"https:\/\/support.google.com\/chrome\/answer\/95647?hl=es\">Chrome<\/a>\u2122&nbsp; -Para <a href=\"https:\/\/support.mozilla.org\/es\/kb\/cookies-informacion-que-los-sitios-web-guardan-en-?redirectlocale=en-US&amp;redirectslug=Cookies\">Firefox<\/a>\u2122&nbsp; -Para <a href=\"https:\/\/www.opera.com\/help\/tutorials\/security\/cookies\/#sitenav\">Opera<\/a>\u2122&nbsp; -Para <a href=\"https:\/\/privacy.microsoft.com\/es-es\/windows-10-microsoft-edge-and-privacy\">Edge<\/a>\u2122<\/p>\n\n\n\n<p><strong><em>Aceptaci\u00f3n de cookies<\/em><\/strong><\/p>\n\n\n\n<p>Al acceder a este sitio web por primera vez, ver\u00e1s una ventana d\u00f3nde se informa de la utilizaci\u00f3n de las cookies y donde puedes consultar esta \u201cPol\u00edtica de cookies\u201d. Puedes cambiar la configuraci\u00f3n de cookies en cualquier momento, configurando el navegador para aceptar, o no, las cookies que recibes o para que el navegador te avise cuando un servidor quiera guardar una cookie. Te informamos de que, en el caso de bloquear o no aceptar la instalaci\u00f3n de cookies, es posible que ciertos servicios no est\u00e9n disponibles sin la utilizaci\u00f3n de \u00e9stas o que no pueda acceder a determinados servicios ni tampoco aprovechar por completo todo lo que nuestra web ofrece.<\/p>\n\n\n\n<p>\u201cDrop Light Films\u201d te agradece que consientas la aceptaci\u00f3n de cookies, esto nos ayuda a obtener datos m\u00e1s precisos que nos permiten mejorar el contenido y el dise\u00f1o de nuestras p\u00e1ginas web para adaptarlas a tus preferencias.<\/p>\n","protected":false},"excerpt":{"rendered":"<p>En cumplimiento de la Ley 34\/2002, de 11 de julio, de Servicios de la Sociedad de la Informaci\u00f3n y Comercio&hellip; <a class=\"more-link\" href=\"https:\/\/droplightfilms.com\/?page_id=941\">Read more &raquo;<\/a><\/p>\n","protected":false},"author":3,"featured_media":0,"parent":0,"menu_order":0,"comment_status":"closed","ping_status":"closed","template":"","meta":[],"_links":{"self":[{"href":"https:\/\/droplightfilms.com\/index.php?rest_route=\/wp\/v2\/pages\/941"}],"collection":[{"href":"https:\/\/droplightfilms.com\/index.php?rest_route=\/wp\/v2\/pages"}],"about":[{"href":"https:\/\/droplightfilms.com\/index.php?rest_route=\/wp\/v2\/types\/page"}],"author":[{"embeddable":true,"href":"https:\/\/droplightfilms.com\/index.php?rest_route=\/wp\/v2\/users\/3"}],"replies":[{"embeddable":true,"href":"https:\/\/droplightfilms.com\/index.php?rest_route=%2Fwp%2Fv2%2Fcomments&post=941"}],"version-history":[{"count":1,"href":"https:\/\/droplightfilms.com\/index.php?rest_route=\/wp\/v2\/pages\/941\/revisions"}],"predecessor-version":[{"id":942,"href":"https:\/\/droplightfilms.com\/index.php?rest_route=\/wp\/v2\/pages\/941\/revisions\/942"}],"wp:attachment":[{"href":"https:\/\/droplightfilms.com\/index.php?rest_route=%2Fwp%2Fv2%2Fmedia&parent=941"}],"curies":[{"name":"wp","href":"https:\/\/api.w.org\/{rel}","templated":true}]}}