{"id":102,"date":"2013-10-11T16:16:15","date_gmt":"2013-10-11T16:16:15","guid":{"rendered":"http:\/\/localhost:8888\/wordpress\/?page_id=102"},"modified":"2014-03-22T18:12:42","modified_gmt":"2014-03-22T18:12:42","slug":"cursos","status":"publish","type":"page","link":"https:\/\/droplightfilms.com\/?page_id=102","title":{"rendered":"Cursos"},"content":{"rendered":"<p>&nbsp;<\/p>\n<p style=\"text-align: left; text-indent: 10px;\"><span style=\"font-size: large; text-indent: 10px;\">Mantenemos nuestra vocaci\u00f3n did\u00e1ctica y en breve presentaremos diversos cursos de formaci\u00f3n en el \u00e1mbito audiovisual impartidos por distintos profesionales.<\/span><\/p>\n<h1 style=\"text-indent: 10px; text-align: center;\"><span style=\"font-size: x-large; color: #ff0000;\"> \u00a1Nos gusta que aprendas con nosotros!<\/span><\/h1>\n<h1 style=\"text-align: left; text-indent: 10px;\"><\/h1>\n","protected":false},"excerpt":{"rendered":"<p>&nbsp; Mantenemos nuestra vocaci\u00f3n did\u00e1ctica y en breve presentaremos diversos cursos de formaci\u00f3n en el \u00e1mbito audiovisual impartidos por distintos&hellip; <a class=\"more-link\" href=\"https:\/\/droplightfilms.com\/?page_id=102\">Read more &raquo;<\/a><\/p>\n","protected":false},"author":1,"featured_media":0,"parent":29,"menu_order":0,"comment_status":"open","ping_status":"open","template":"home-composition.php","meta":[],"_links":{"self":[{"href":"https:\/\/droplightfilms.com\/index.php?rest_route=\/wp\/v2\/pages\/102"}],"collection":[{"href":"https:\/\/droplightfilms.com\/index.php?rest_route=\/wp\/v2\/pages"}],"about":[{"href":"https:\/\/droplightfilms.com\/index.php?rest_route=\/wp\/v2\/types\/page"}],"author":[{"embeddable":true,"href":"https:\/\/droplightfilms.com\/index.php?rest_route=\/wp\/v2\/users\/1"}],"replies":[{"embeddable":true,"href":"https:\/\/droplightfilms.com\/index.php?rest_route=%2Fwp%2Fv2%2Fcomments&post=102"}],"version-history":[{"count":1,"href":"https:\/\/droplightfilms.com\/index.php?rest_route=\/wp\/v2\/pages\/102\/revisions"}],"predecessor-version":[{"id":579,"href":"https:\/\/droplightfilms.com\/index.php?rest_route=\/wp\/v2\/pages\/102\/revisions\/579"}],"up":[{"embeddable":true,"href":"https:\/\/droplightfilms.com\/index.php?rest_route=\/wp\/v2\/pages\/29"}],"wp:attachment":[{"href":"https:\/\/droplightfilms.com\/index.php?rest_route=%2Fwp%2Fv2%2Fmedia&parent=102"}],"curies":[{"name":"wp","href":"https:\/\/api.w.org\/{rel}","templated":true}]}}